6860.
2, 5, 61, 151, 1613
List the prime factors of 2876499017.
7, 3329, 123439
What are the prime factors of 1439051821?
1439051821
What are the prime factors of 474921972?
2, 3, 7, 1884611
What are the prime factors of 32526707?
727, 44741
What are the prime factors of 345328099?
89, 3880091
List the prime factors of 66789782.
2, 1549, 21559
What are the prime factors of 126862635?
3, 5, 47, 179947
List the prime factors of 69560401.
69560401
List the prime factors of 243246256.
2, 11, 53, 89, 293
List the prime factors of 173146874.
2, 86573437
List the prime factors of 18313465.
5, 761, 4813
List the prime factors of 2658591.
3, 13, 31, 733
What are the prime factors of 804790159?
4133, 194723
What are the prime factors of 1807977414?
2, 3, 19, 61, 259991
List the prime factors of 210481326.
2, 3, 11, 23, 46219
List the prime factors of 101119542.
2, 3, 1499, 11243
What are the prime factors of 95342645?
5, 19068529
What are the prime factors of 452940403?
23, 2207, 8923
What are the prime factors of 235893445?
5, 17, 1289, 2153
List the prime factors of 222050639.
89, 2494951
What are the prime factors of 84380581?
84380581
What are the prime factors of 56794954?
2, 647, 43891
List the prime factors of 572535131.
7, 73, 89, 12589
What are the prime factors of 164335616?
2, 53, 757
What are the prime factors of 43035235?
5, 443, 19429
List the prime factors of 3996577688.
2, 349, 1431439
List the prime factors of 142071665.
5, 28414333
List the prime factors of 7512725.
5, 11, 17, 1607
List the prime factors of 2013285601.
2013285601
List the prime factors of 1089482806.
2, 73, 367, 20333
List the prime factors of 212659137.
3, 17, 887, 1567
List the prime factors of 31756958.
2, 31, 107, 4787
List the prime factors of 3257859400.
2, 5, 677, 24061
What are the prime factors of 98878109?
11, 19, 473101
What are the prime factors of 8864204006?
2, 7, 79, 373, 21487
What are the prime factors of 4237712?
2, 29, 9133
What are the prime factors of 61744740?
2, 3, 5, 331, 3109
What are the prime factors of 5998020?
2, 3, 5, 7, 14281
List the prime factors of 991523534.
2, 495761767
What are the prime factors of 316582878?
2, 3, 37, 991, 1439
What are the prime factors of 21821483?
2543, 8581
What are the prime factors of 559058594?
2, 279529297
List the prime factors of 6272789.
2267, 2767
List the prime factors of 203163404.
2, 50790851
List the prime factors of 2215714437.
3, 246190493
List the prime factors of 102125163.
3, 7, 61, 1627
List the prime factors of 234639365.
5, 46927873
What are the prime factors of 1094832856?
2, 13, 1913, 5503
List the prime factors of 49260139.
49260139
What are the prime factors of 121796289?
3, 19, 389, 1831
What are the prime factors of 246009995?
5, 7, 11, 569, 1123
List the prime factors of 1255999369.
263, 727, 6569
What are the prime factors of 13297351?
1637, 8123
List the prime factors of 486071289.
3, 11, 31, 251, 631
What are the prime factors of 823744417?
823744417
List the prime factors of 2512590870.
2, 3, 5, 83753029
What are the prime factors of 103214623?
61, 1692043
List the prime factors of 3861734311.
233, 16573967
What are the prime factors of 272431190?
2, 5, 599, 45481
What are the prime factors of 3288428993?
163, 20174411
What are the prime factors of 434281403?
239, 1817077
What are the prime factors of 457540099?
457540099
What are the prime factors of 40537083?
3, 13512361
List the prime factors of 439864206.
2, 3, 73310701
List the prime factors of 193326215.
5, 109, 354727
List the prime factors of 390123314.
2, 7, 19, 77191
List the prime factors of 10027851.
3, 37, 61, 1481
List the prime factors of 376771161.
3, 13, 29, 333131
What are the prime factors of 1603088916?
2, 3, 11, 13, 17, 179, 307
List the prime factors of 9369641.
19, 493139
List the prime factors of 697506227.
11, 41, 811, 1907
What are the prime factors of 357770040?
2, 3, 5, 2981417
What are the prime factors of 47284756?
2, 1277, 9257
What are the prime factors of 123494791?
7, 1093, 16141
What are the prime factors of 110175864?
2, 3, 4590661
What are the prime factors of 5015437488?
2, 3, 53, 219053
List the prime factors of 305919341.
7, 13, 3361751
List the prime factors of 38843087.
19, 83, 24631
What are the prime factors of 590149058?
2, 295074529
List the prime factors of 104291624.
2, 89, 146477
List the prime factors of 37946590.
2, 5, 11, 344969
List the prime factors of 2389925534.
2, 37, 1699, 19009
What are the prime factors of 25836441?
3, 619, 13913
List the prime factors of 343166612.
2, 85791653
What are the prime factors of 2134767390?
2, 3, 5, 7, 53, 191803
What are the prime factors of 28625111?
28625111
What are the prime factors of 397594792?
2, 7, 73, 97259
What are the prime factors of 79344093?
3, 103, 461, 557
What are the prime factors of 288987561?
3, 61, 175463
List the prime factors of 140017497.
3, 46672499
List the prime factors of 28696328.
2, 31, 251, 461
What are the prime factors of 5468234161?
13, 17, 607, 40763
List the prime factors of 47482256.
2, 59, 179, 281
List the prime factors of 11068950.
2, 3, 5, 109, 677
What are the prime factors of 1537049076?
2, 3, 1889, 67807
List the prime factors of 36120839.
67, 241, 2237
What are the prime factors of 55650215?
5, 11130043
What are the prime factors of 205472225?
5, 7, 23, 71, 719
List the prime factors of 336834292.
2, 53, 1588841
What are the prime factors of 29326423?
7, 4189489
List the prime factors of 378811877.
13577, 27901
List the prime factors of 3928792592.
2, 223, 433, 2543
What are the prime factors of 399383972?
2, 13, 2633, 2917
List the prime factors of 3895037533.
47, 82873139
List the prime factors of 50028274.
2, 1439, 17383
What are the prime factors of 102509273?
271, 293, 1291
What are the prime factors of 24775993?
11, 409, 5507
What are the prime factors of 3835945633?
13, 3181, 92761
What are the prime factors of 58616258?
2, 29308129
List the prime factors of 5216349.
3, 1738783
List the prime factors of 230870600.
2, 5, 1154353
What are the prime factors of 31209010?
2, 5, 7, 211, 2113
What are the prime factors of 2567977182?
2, 3, 15851711
What are the prime factors of 511681378?
2, 13, 19680053
List the prime factors of 41476123.
13, 43, 74197
What are the prime factors of 541091789?
7, 77298827
List the prime factors of 415847096.
2, 7, 7425841
List the prime factors of 69332825.
5, 2773313
What are the prime factors of 173894565?
3, 5, 13, 891767
List the prime factors of 4380566367.
3, 1460188789
List the prime factors of 36585200.
2, 5, 91463
What are the prime factors of 660220005?
3, 5, 44014667
What are the prime factors of 3208156?
2, 7, 114577
List the prime factors of 861692594.
2, 7, 1249, 49279
List the prime factors of 154193768.
2, 19274221
What are the prime factors of 145973251?
37, 463, 8521
List the prime factors of 1923225146.
2, 37, 25989529
List the prime factors of 88141875.
3, 5, 29, 1621
List the prime factors of 35225724.
2, 3, 41, 71597
What are the prime factors of 14424372?
2, 3, 133559
What are the prime factors of 25046068?
2, 151, 41467
What are the prime factors of 346738930?
2, 5, 251, 138143
What are the prime factors of 21598987?
21598987
What are the prime factors of 116992171?
31, 3773941
What are the prime factors of 13095680?
2, 5, 13, 787
What are the prime factors of 112327643?
29, 3873367
What are the prime factors of 101917937?
11, 149, 5653
What are the prime factors of 640337887?
7, 1231, 74311
List the prime factors of 132821640.
2, 3, 5, 7, 17569
What are the prime factors of 181138327?
5279, 34313
List the prime factors of 104261105.
5, 13, 1604017
What are the prime factors of 1285344665?
5, 11, 37, 631619
List the prime factors of 78748237.
701, 112337
What are the prime factors of 507644953?
507644953
What are the prime factors of 100980005?
5, 7, 23, 125441
What are the prime factors of 178560789?
3, 11, 89, 5527
List the prime factors of 791828947.
7, 13, 251, 34667
What are the prime factors of 87783538?
2, 1021, 42989
List the prime factors of 199522598.
2, 11, 97, 93497
List the prime factors of 769865539.
139, 701, 7901
List the prime factors of 141697598.
2, 7, 10121257
What are the prime factors of 554904208?
2, 17, 2040089
W